{"id":2138,"date":"2024-06-19T08:34:43","date_gmt":"2024-06-19T06:34:43","guid":{"rendered":"http:\/\/zd-lendava.razvija.se\/doctor\/daniel-jerebic\/"},"modified":"2026-02-12T07:41:59","modified_gmt":"2026-02-12T06:41:59","slug":"daniel-jerebic","status":"publish","type":"doctor","link":"https:\/\/zd-lendava.si\/hu\/doctor\/daniel-jerebic\/","title":{"rendered":"Daniel Jerebic"},"content":{"rendered":"\n<p><strong>Nujni prevozi<\/strong>&nbsp;zajemajo predvsem prevoze v bolni\u0161nico, ki morajo biti opravljeni nemudoma, da bi tako prepre\u010dili nadaljnje poslab\u0161anje zdravstvenega stanja bolnikov. Opravljajo se nepretrgoma 24 ur dnevno vsak dan.<br><strong>Nenujni prevozi<\/strong>&nbsp;so prevozi, ki so vnaprej dogovorjeni, in jih lahko razdelimo:<\/p>\n\n\n\n<ul class=\"wp-block-list\">\n<li><strong>Sanitetni prevozi<\/strong>, ki zajemajo prevoze samostojno pomi\u010dnih bolnikov;<\/li>\n\n\n\n<li><strong>Dializni prevozi<\/strong>&nbsp;so prevozi bolnikov v dializni center v SB M. Sobota in<\/li>\n\n\n\n<li><strong>Nenujni prevozi s strokovnim spremljevalcem<\/strong>, med katere sodijo prevozi, kadar mora biti ob bolniku v re\u0161evalnem vozilu tudi zdravnik, diplomirani zdravstvenik ali zdravstveni tehnik.<\/li>\n<\/ul>\n\n\n\n<p>Nenujni prevozi se praviloma opravljajo med delavniki od 05.00 do 21.00 ure, izjemoma in po predhodnem dogovoru pa tudi izven tega \u010dasa.<\/p>\n\n\n\n<h3 class=\"wp-block-heading\">Vozni park<\/h3>\n\n\n\n<p>Na re\u0161evalni postaji Lendava razpolagamo z:<\/p>\n\n\n\n<ul class=\"wp-block-list\">\n<li>Vozilo za potrebe NMP;<\/li>\n\n\n\n<li>Vozilo za potrebe NMP \u2013 rezervno;<\/li>\n\n\n\n<li>Dve vozili za prevoz te\u017eko pomi\u010dnih in nepomi\u010dnih bolnikov;<\/li>\n\n\n\n<li>Tri osebna vozila za prevoz samostojno pomi\u010dnih bolnikov;<\/li>\n\n\n\n<li>Dve vozili za nujne obiske bolnikov na domu in<\/li>\n\n\n\n<li>Vozilo za nenujne obiske bolnikov na domu<\/li>\n<\/ul>\n\n\n\n<p><strong>Zaposleni<\/strong><\/p>\n\n\n\n<p><\/p>\n\n\n\n<ul class=\"wp-block-list\">\n<li>Lars Somi, dipl. zn., vodja zdravstvene nege v NMP<\/li>\n\n\n\n<li>Alen Kova\u010d, dipl.zn.<\/li>\n\n\n\n<li>\u0160tefan Gerebic, dipl.zn.<\/li>\n\n\n\n<li>Andrej \u010cin\u010d, dipl. zn.<\/li>\n\n\n\n<li>Toma\u017e Horvat, dipl.zn.<\/li>\n\n\n\n<li>Simon Hajdinjak, dipl. zn.<\/li>\n\n\n\n<li>Jo\u017eef Horvat, dipl. zn.<\/li>\n\n\n\n<li>Darko Horvat, ZR<\/li>\n\n\n\n<li>Robert Laslo, ZR<\/li>\n\n\n\n<li>Danilo Horvat, ZR<\/li>\n\n\n\n<li>Franc Kocet, ZR<\/li>\n\n\n\n<li>Daniel Jerebic, ZR<\/li>\n\n\n\n<li>Davor Vu\u010dko, ZR<\/li>\n\n\n\n<li>Dominik Vogrinec, ZR<\/li>\n\n\n\n<li>Patrik Benko, ZR<\/li>\n\n\n\n<li>Andrejas \u017di\u017eek, ZR<\/li>\n\n\n\n<li>Andrej Sarja\u0161, ZT<\/li>\n\n\n\n<li>Sandi Majcen , ZT<\/li>\n\n\n\n<li>Arben Nuhija, ZT<\/li>\n\n\n\n<li>Damir Kukovec, dispe\u010der za nenujne re\u0161evalne prevoze<\/li>\n<\/ul>\n","protected":false},"featured_media":0,"template":"","clinics_and_activities":[44],"location":[45],"age_group":[],"class_list":["post-2138","doctor","type-doctor","status-publish","hentry","clinics_and_activities-surgossegi-betegellatas-es-mentoszolgalat","location-zd-lendava-hu"],"acf":[],"_links":{"self":[{"href":"https:\/\/zd-lendava.si\/hu\/wp-json\/wp\/v2\/doctor\/2138","targetHints":{"allow":["GET"]}}],"collection":[{"href":"https:\/\/zd-lendava.si\/hu\/wp-json\/wp\/v2\/doctor"}],"about":[{"href":"https:\/\/zd-lendava.si\/hu\/wp-json\/wp\/v2\/types\/doctor"}],"version-history":[{"count":2,"href":"https:\/\/zd-lendava.si\/hu\/wp-json\/wp\/v2\/doctor\/2138\/revisions"}],"predecessor-version":[{"id":4181,"href":"https:\/\/zd-lendava.si\/hu\/wp-json\/wp\/v2\/doctor\/2138\/revisions\/4181"}],"wp:attachment":[{"href":"https:\/\/zd-lendava.si\/hu\/wp-json\/wp\/v2\/media?parent=2138"}],"wp:term":[{"taxonomy":"clinics_and_activities","embeddable":true,"href":"https:\/\/zd-lendava.si\/hu\/wp-json\/wp\/v2\/clinics_and_activities?post=2138"},{"taxonomy":"location","embeddable":true,"href":"https:\/\/zd-lendava.si\/hu\/wp-json\/wp\/v2\/location?post=2138"},{"taxonomy":"age_group","embeddable":true,"href":"https:\/\/zd-lendava.si\/hu\/wp-json\/wp\/v2\/age_group?post=2138"}],"curies":[{"name":"wp","href":"https:\/\/api.w.org\/{rel}","templated":true}]}}

<p><strong>Nujni prevozi</strong>&nbsp;zajemajo predvsem prevoze v bolnišnico, ki morajo biti opravljeni nemudoma, da bi tako preprečili nadaljnje poslabšanje zdravstvenega stanja bolnikov. Opravljajo se nepretrgoma 24 ur dnevno vsak dan.<br><strong>Nenujni prevozi</strong>&nbsp;so prevozi, ki so vnaprej dogovorjeni, in jih lahko razdelimo:</p>



<ul class="wp-block-list">
<li><strong>Sanitetni prevozi</strong>, ki zajemajo prevoze samostojno pomičnih bolnikov;</li>



<li><strong>Dializni prevozi</strong>&nbsp;so prevozi bolnikov v dializni center v SB M. Sobota in</li>



<li><strong>Nenujni prevozi s strokovnim spremljevalcem</strong>, med katere sodijo prevozi, kadar mora biti ob bolniku v reševalnem vozilu tudi zdravnik, diplomirani zdravstvenik ali zdravstveni tehnik.</li>
</ul>



<p>Nenujni prevozi se praviloma opravljajo med delavniki od 05.00 do 21.00 ure, izjemoma in po predhodnem dogovoru pa tudi izven tega časa.</p>



<h3 class="wp-block-heading">Vozni park</h3>



<p>Na reševalni postaji Lendava razpolagamo z:</p>



<ul class="wp-block-list">
<li>Vozilo za potrebe NMP;</li>



<li>Vozilo za potrebe NMP – rezervno;</li>



<li>Dve vozili za prevoz težko pomičnih in nepomičnih bolnikov;</li>



<li>Tri osebna vozila za prevoz samostojno pomičnih bolnikov;</li>



<li>Dve vozili za nujne obiske bolnikov na domu in</li>



<li>Vozilo za nenujne obiske bolnikov na domu</li>
</ul>



<p><strong>Zaposleni</strong></p>



<p></p>



<ul class="wp-block-list">
<li>Lars Somi, dipl. zn., vodja zdravstvene nege v NMP</li>



<li>Alen Kovač, dipl.zn.</li>



<li>Štefan Gerebic, dipl.zn.</li>



<li>Andrej Činč, dipl. zn.</li>



<li>Tomaž Horvat, dipl.zn.</li>



<li>Simon Hajdinjak, dipl. zn.</li>



<li>Jožef Horvat, dipl. zn.</li>



<li>Darko Horvat, ZR</li>



<li>Robert Laslo, ZR</li>



<li>Danilo Horvat, ZR</li>



<li>Franc Kocet, ZR</li>



<li>Daniel Jerebic, ZR</li>



<li>Davor Vučko, ZR</li>



<li>Dominik Vogrinec, ZR</li>



<li>Patrik Benko, ZR</li>



<li>Andrejas Žižek, ZR</li>



<li>Andrej Sarjaš, ZT</li>



<li>Sandi Majcen , ZT</li>



<li>Arben Nuhija, ZT</li>



<li>Damir Kukovec, dispečer za nenujne reševalne prevoze</li>
</ul>
